 0 = -8*p + 461 - 373. What is the highest common factor of s and p?
11
Let p(d) = -d**3 - d**2 + d + 24. Let w be p(0). Let g(x) = 2*x**2 - 14*x - 28. Let b be g(-7). Calculate the highest common factor of w and b.
24
Suppose 32*m + 3*b + 405 = 36*m, -5*b + 183 = 2*m. Let v = -5 - -14. Calculate the greatest common factor of m and v.
9
Let b(q) be the second derivative of 3*q**3 - q. Let k be b(3). Let l = -112 + 193. Calculate the greatest common divisor of l and k.
27
Let j(y) = -y**3 + 2*y + 52. Let z be j(0). Suppose -3*c = -4*r + z, -r - 28 = -3*r + 2*c. What is the highest common factor of r and 20?
10
Let m be (2/(-4))/((-2)/16). Suppose -4*z + 16 = -m*p, -16 = -5*z - 2*p + 3*p. Calculate the highest common divisor of 12 and z.
3
Let c = 833 - 113. Calculate the highest common divisor of 45 and c.
45
Suppose 0 = -2*v + 3*v + 5*y - 24, -3*v + 2*y = -89. What is the highest common divisor of 58 and v?
29
Let d be (21/2)/(1/18). Let y be 14 - 9/(27/(-21)). What is the highest common factor of y and d?
21
Let d be 27/6 + (-12)/8. Suppose -90 = -5*w + 2*n, -16 = -2*w + d*n + 31. What is the highest common factor of w and 80?
16
Suppose 2887 + 83 = 9*b. Suppose 2*z - 4*z = 2, 0 = -2*w - 3*z + 57. Calculate the highest common divisor of w and b.
30
Suppose -9*v = -2*v - 280. What is the highest common factor of v and 70?
10
Let j(s) = -s**3 + 11*s**2 - s + 7. Let i be j(11). Let v be i/((-16)/84) - -1. Calculate the highest common factor of v and 2.
2
Suppose -x = -v - 171, -6*x + 4*x + 354 = 2*v. What is the greatest common divisor of 58 and x?
58
Suppose 0 = 6*o + 18*o - 72. Calculate the highest common factor of o and 90.
3
Let z(c) = -3*c + 1. Let x be z(3). Let h = x - -10. Suppose t + h - 17 = 0. What is the greatest common factor of t and 75?
15
Suppose 9*p - 57 = 6*p. Let k = -13 + p. Calculate the highest common factor of 4 and k.
2
Suppose -6*q = -13 - 29. Let v be (-4220)/(-70) - 2/q. What is the highest common factor of v and 24?
12
Let q be (1 - 0)*(-10 - -12). Suppose 568 - 136 = q*w. Calculate the highest common divisor of w and 24.
24
Suppose 2*j + 2*i - 92 = 0, 12*i = -2*j + 16*i + 122. What is the highest common divisor of j and 1581?
51
Suppose 0 = -3*z - 3*g + 234, -3*z + z + 150 = -g. Let u = z + -20. Calculate the highest common divisor of u and 7.
7
Suppose 0 = -u - 369 + 457. Calculate the greatest common divisor of 32 and u.
8
Let s be 112/(-6) + 4/6. Let t be (-994)/s + (-6)/27. Let k(q) = -19*q - 236. Let z be k(-13). Calculate the greatest common factor of t and z.
11
Suppose 0 = 3*l - 6*l + 5*q + 4, l + 3*q - 20 = 0. What is the highest common divisor of 3 and l?
1
Suppose -2*b + 7 + 8 = l, 4*b - 3*l = 25. Let o be 4*(22/8 + -2). Suppose o*a - 22 - 20 = 0. What is the highest common factor of a and b?
7
Suppose -4*z - 4*b + 0*b = -400, -4*b + 100 = z. Let f = z + -45. What is the greatest common divisor of f and 5?
5
Suppose 3*r - 2*v = 728, 0*v - 708 = -3*r - 3*v. Calculate the greatest common divisor of r and 80.
80
Suppose -283 + 20 = -3*d - 2*g, 5*d = -g + 429. Let r = 2 - 3. Let n be 36 - r - 9/(-5 + 8). What is the highest common factor of d and n?
17
Let v be (-10)/(-4) + (-1)/(-2). Suppose v*w + 3*w = 0. Suppose w = -4*y + y + 135. What is the greatest common divisor of 18 and y?
9
Let x be (-24)/10*(-7 - 8). Suppose 4*i - 2*l = 90, 102 = 4*i + 3*l - l. What is the highest common factor of x and i?
12
Let f(i) = 91*i + 5. Let b(z) = -182*z - 11. Let x(m) = -4*b(m) - 9*f(m). Let k be x(-1). Suppose 2*t + 55 = 75. What is the greatest common divisor of k and t?
10
Suppose 0 = -5*v - 3*j + 24, -5 = v - 3*j + 1. Suppose -36 = -2*u - u. Suppose -5*c + u = -93. What is the highest common factor of c and v?
3
Let o = -15 - -14. Let p be o + (4 + 5 - 2). Let t(u) = u**2 + u - 6. Let v be t(5). What is the greatest common divisor of v and p?
6
Suppose -y - 3*n + 7 = -2, 2*n = 5*y - 28. Let k be -6*10/y*-2. Let h(w) = w + 15. Let r be h(-5). What is the greatest common factor of k and r?
10
Suppose 0 = -3*b - 0*f + 5*f + 39, 0 = b - 4*f - 6. Let o(t) = -2*t + 144. Let w = -26 - -26. Let q be o(w). Calculate the highest common divisor of q and b.
18
Suppose -b - 23*l = -28*l + 19, -1 = -b + l. What is the highest common factor of b and 342?
6
Suppose -s + 48 = 2*v, 2*v + 2*s - 45 = 3. Calculate the highest common divisor of 96 and v.
24
Let z(s) = -43*s**2 - 7*s - 5. Let c be z(-1). Let b = -7 - c. Calculate the greatest common divisor of b and 17.
17
Suppose -2*w = 4*d - 348, -7*d + 4*d + 235 = -5*w. What is the greatest common divisor of 119 and d?
17
Let a = -327 + 426. Suppose 0 = -5*v + 12 + 33. Calculate the greatest common factor of v and a.
9
Let w(j) = j**2 - 3*j - 14. Let g be w(7). What is the highest common factor of g and 112?
14
Let o = -106 + 115. Calculate the greatest common divisor of o and 1584.
9
Let b be 1066/6 - (6/9 + 0). What is the greatest common divisor of 295 and b?
59
Let v(s) = -14*s + 6. Suppose 2*x - 5*p - 6 = -18, 0 = p - 2. Let n be v(x). Calculate the greatest common divisor of 60 and n.
20
Let x(i) = 3*i**2 + 6*i - 29. Let t be x(-9). Calculate the greatest common divisor of 128 and t.
32
Suppose -4*f - 10 - 22 = 0. Suppose 0 = 5*b + 11 + 54. Let m = f - b. What is the highest common factor of m and 10?
5
Let q be (-522)/(-15)*115/69. Calculate the greatest common factor of 58 and q.
58
Let k(y) = 0 - 60*y + 15 + 88*y. Let i be k(7). Let n = -119 + i. What is the highest common divisor of n and 23?
23
Suppose 26 = -l - 5*p, 27 + 13 = -5*l + 5*p. Let w be 68/(l/(55/(-10))). What is the highest common factor of w and 68?
34
Let u(q) = -3*q**3 - 2*q**2 + q. Let w be u(-2). Let f(g) = -2*g**3 + 47*g**2 + 28*g - 54. Let v be f(24). What is the greatest common factor of v and w?
14
Suppose -4*d + 675 = -5*x, 9*x - 8*x = -3*d + 530. What is the highest common factor of d and 14?
7
Let n be (11/1 - 2)/((-1)/(-3)). Let s(w) = -w**2 - w + 5. Let i be s(0). Suppose 0 = -3*m + i + 4. Calculate the highest common factor of m and n.
3
Suppose -5*b - 2*i + 33 = 0, -4*b + 12 = 2*i - 14. Suppose 0 = -b*a - 31 + 157. Calculate the greatest common divisor of a and 6.
6
Let h(i) = 2*i + 31. Let g be h(-16). Let v be (g*4)/((-10)/25). What is the highest common divisor of 90 and v?
10
Suppose 40*t + 43*t = 14940. Calculate the highest common divisor of 54 and t.
18
Let g(s) = -3*s + 17. Let c be g(4). Suppose -4*j = f - 19, -c*j + 108 = 5*f - 62. What is the greatest common factor of 3 and f?
3
Let n(r) = 59*r + 53. Let i be n(6). What is the highest common factor of 37 and i?
37
Let z be 0/(2 + 1) + 20. Suppose -5*g - 6*s = -2*s + 134, 4*s = -4*g - 108. Let t be (10/6 - 1) + g/(-6). Calculate the greatest common divisor of t and z.
5
Let f(s) = -s**2 - 8*s - 12. Let k be f(-5). Let r be ((-27)/2)/(k/(-4)). What is the highest common divisor of 126 and r?
18
Let v = -17 + 45. Let u = 0 - -7. Calculate the highest common divisor of v and u.
7
Suppose 10*n - 569 + 149 = 0. Calculate the highest common factor of n and 14.
14
Let r be (-4)/(-4) - -15 - 1. Let z be (5/r)/(2/6). Let a be 67 + 2/(-1) + z. Calculate the greatest common divisor of 6 and a.
6
Suppose 5*y - 2*l - 2349 = 0, -1411 = -y - 2*y + 2*l. What is the greatest common divisor of y and 67?
67
Let c = -19699 + 19737. Let j = -57 - -95. What is the highest common factor of j and c?
38
Let p be 42*(0 + 3/18). Let g be (-2 - (2 + -2)) + 79. Calculate the highest common factor of g and p.
7
Let a(y) = 29*y - 142. Let g be a(8). What is the highest common factor of g and 100?
10
Suppose 5*v = 2*t - 42, v + 4 + 17 = t. Suppose t*j = 18*j + 90. What is the highest common divisor of j and 30?
30
Let o = -119 - -159. What is the greatest common factor of o and 50?
10
Let g be ((-4)/5)/(2/320*-4). What is the highest common factor of g and 2?
2
Suppose -3*a = -2*t - 0 - 17, -a - 13 = 4*t. Suppose -76 + 178 = a*b. What is the greatest common factor of b and 85?
17
Suppose 53*t - 44*t = 14148. Calculate the greatest common factor of 12 and t.
12
Let s = 3723 + -3669. Suppose -2*x + 81 = -x. What is the highest common divisor of s and x?
27
Let v be ((-36)/24)/(2/(-12)). Let j be (248/(-3))/((-6)/v). Let y be (18/(-12))/((-6)/j). Calculate the highes